{"id":201125,"date":"2021-03-01T10:22:52","date_gmt":"2021-03-01T09:22:52","guid":{"rendered":"https:\/\/catandovino.com\/?post_type=product&#038;p=201125"},"modified":"2022-05-30T15:52:34","modified_gmt":"2022-05-30T13:52:34","slug":"garmon-2016","status":"publish","type":"product","link":"https:\/\/catandovino.com\/en\/producto\/garmon-2016\/","title":{"rendered":"GARMON 2018"},"content":{"rendered":"<p>Tercera a\u00f1ada del proyecto boutique de la familia Garc\u00eda en Ribera del Duero. Garm\u00f3n completa la particular trilog\u00eda de vinos y bodegas en el valle del Duero (con Mauro en Tudela de Duero y San Rom\u00e1n en Toro) con un proyecto que se sustenta en una viticultura ancestral de minifundios y vi\u00f1edos viejos en las zonas ribere\u00f1as m\u00e1s altas, fr\u00edas y continentales. Nervio, profundidad y una controlada madurez son las se\u00f1as de identidad de un tinto que se convertir\u00e1 en objeto de deseo de muchos aficionados. Cuenta con el aval de la cr\u00edtica con 93 puntos Parker, 91 Pe\u00f1\u00edn y 96 Atkin.<\/p>\n","protected":false},"excerpt":{"rendered":"<p>Tercera a\u00f1ada del proyecto boutique de la familia Garc\u00eda en Ribera del Duero. Garm\u00f3n completa la particular trilog\u00eda de vinos y bodegas en el valle del Duero (con Mauro en Tudela de Duero y San Rom\u00e1n en Toro) con un proyecto que se sustenta en una viticultura ancestral de minifundios y vi\u00f1edos viejos en las zonas ribere\u00f1as m\u00e1s altas, fr\u00edas y continentales. Nervio, profundidad y una controlada madurez son las se\u00f1as de identidad de un tinto que se convertir\u00e1 en objeto de deseo de muchos aficionados. Cuenta con el aval de la cr\u00edtica con 93 puntos Parker, 91 Pe\u00f1\u00edn y 96 Atkin.<\/p>\n","protected":false},"featured_media":201126,"comment_status":"open","ping_status":"closed","template":"","meta":{"_acf_changed":false},"product_brand":[],"product_cat":[],"product_tag":[],"origen":[141,143],"tipos-de-producto":[],"class_list":{"0":"post-201125","1":"product","2":"type-product","3":"status-publish","4":"has-post-thumbnail","6":"origen-nacional","7":"origen-d-o-ribera-de-duero","9":"first","10":"instock","11":"taxable","12":"shipping-taxable","13":"purchasable","14":"product-type-simple"},"acf":[],"_links":{"self":[{"href":"https:\/\/catandovino.com\/en\/wp-json\/wp\/v2\/product\/201125","targetHints":{"allow":["GET"]}}],"collection":[{"href":"https:\/\/catandovino.com\/en\/wp-json\/wp\/v2\/product"}],"about":[{"href":"https:\/\/catandovino.com\/en\/wp-json\/wp\/v2\/types\/product"}],"replies":[{"embeddable":true,"href":"https:\/\/catandovino.com\/en\/wp-json\/wp\/v2\/comments?post=201125"}],"wp:featuredmedia":[{"embeddable":true,"href":"https:\/\/catandovino.com\/en\/wp-json\/wp\/v2\/media\/201126"}],"wp:attachment":[{"href":"https:\/\/catandovino.com\/en\/wp-json\/wp\/v2\/media?parent=201125"}],"wp:term":[{"taxonomy":"product_brand","embeddable":true,"href":"https:\/\/catandovino.com\/en\/wp-json\/wp\/v2\/product_brand?post=201125"},{"taxonomy":"product_cat","embeddable":true,"href":"https:\/\/catandovino.com\/en\/wp-json\/wp\/v2\/product_cat?post=201125"},{"taxonomy":"product_tag","embeddable":true,"href":"https:\/\/catandovino.com\/en\/wp-json\/wp\/v2\/product_tag?post=201125"},{"taxonomy":"origen","embeddable":true,"href":"https:\/\/catandovino.com\/en\/wp-json\/wp\/v2\/origen?post=201125"},{"taxonomy":"tipos-de-producto","embeddable":true,"href":"https:\/\/catandovino.com\/en\/wp-json\/wp\/v2\/tipos-de-producto?post=201125"}],"curies":[{"name":"wp","href":"https:\/\/api.w.org\/{rel}","templated":true}]}}

<p>Tercera añada del proyecto boutique de la familia García en Ribera del Duero. Garmón completa la particular trilogía de vinos y bodegas en el valle del Duero (con Mauro en Tudela de Duero y San Román en Toro) con un proyecto que se sustenta en una viticultura ancestral de minifundios y viñedos viejos en las zonas ribereñas más altas, frías y continentales. Nervio, profundidad y una controlada madurez son las señas de identidad de un tinto que se convertirá en objeto de deseo de muchos aficionados. Cuenta con el aval de la crítica con 93 puntos Parker, 91 Peñín y 96 Atkin.</p>
